4. Determine d(v).
2
Let a = 11 - 9. Let y(d) = -d**3 + 4*d**2 - 2*d - 1. What is y(a)?
3
Let v(x) = 2*x - 12. Let d(q) = q - 6. Let u(t) = 5*d(t) - 2*v(t). What is u(3)?
-3
Suppose -2*v = -4*v - 6. Let c be (v - 1) + 0/6. Let p(b) = -2*b**2 - 4*b + 5. What is p(c)?
-11
Suppose 0 = -4*b + 5 - 9. Let z(w) = 9*w**2 + 2*w**2 - 2*w**2. What is z(b)?
9
Let g be (-63)/12 - 18/24. Let d(w) = -w**2 - 8*w + 1. Give d(g).
13
Let g(n) be the first derivative of n**4/4 + 4*n**3/3 + 3*n**2/2 - 2*n - 4. Calculate g(-3).
-2
Let t(a) = a**3 - 3*a**2 - 4*a + 4. Let k(y) = -2*y + 1. Let b = -3 + 1. Let z be k(b). Suppose 0 = 3*q + 9, -3*l - z*q = -8*l + 30. Calculate t(l).
-8
Let x(f) = -f + 8. Suppose 5*a - 483 = -73. Suppose a - 10 = -3*b. Let g be (b/15)/((-2)/5). Give x(g).
4
Let w(z) = -2 + 4*z - 317*z**2 + z**3 - 2*z + 311*z**2. Give w(6).
10
Let b(u) be the second derivative of -2*u**3/3 - u**2/2 - 16*u. Give b(-2).
7
Let w(s) be the third derivative of -5*s**4/24 - s**3/2 + 26*s**2. Let o = -8 + 6. What is w(o)?
7
Let u(h) = -h - 6. Let y(p) = -p**2 - 4. Let m be y(0). Let k = m - -4. Calculate u(k).
-6
Let k = -3 + 8. Let n(t) be the second derivative of t + 0*t**2 + 0 + 1/12*t**4 - t**3. Determine n(k).
-5
Let c(k) = k**2 + 1. Let q(i) = -14*i**2 - 6. Let j(g) = -5*c(g) - q(g). What is j(1)?
10
Let u = 31 - 22. Let f(o) = -2*o + 12. Determine f(u).
-6
Let a(x) = -x + 1. Let k be (1 - -6) + (-20)/4. Give a(k).
-1
Suppose 0 = -0*l - l + 1. Let y(v) = 6*v. Let g(q) = -q. Let u(a) = l*y(a) + 4*g(a). Calculate u(3).
6
Let a be (3/(-2))/((-2)/4). Let m(t) = a*t - 3*t - 7 - 3*t. Let d(j) = 15*j + 35. Let c(w) = 2*d(w) + 11*m(w). Give c(-5).
8
Let x(l) be the second derivative of l**4/4 + l**3/2 - l**2 - 3*l. Calculate x(-3).
16
Let s(l) = -3*l**3 - 18*l**2 + l + 8. Let x be s(-6). Let t(o) = 5*o - 1. Determine t(x).
9
Let k(h) = -h**3 + h**2 + h + 3. Suppose 17*z = -4*z. What is k(z)?
3
Let u(f) = -f**3 + f**2 + f + 1. Let i(h) = 7*h**2 + 4*h + 3. Let l(o) = i(o) - 2*u(o). Let y be (2 - -1)/((-2)/2). Give l(y).
-14
Let s be (-46)/10 - 2/5. Let g(y) = 2*y - 2*y + 2*y + 2 - 2*y + 2*y. What is g(s)?
-8
Let v(h) = h**2 - h - 3. Let p be (-8)/2 + (1 - 0). What is v(p)?
9
Let x(z) be the third derivative of z**6/120 + z**5/10 - z**4/12 - 4*z**3/3 + 4*z**2. Let v(d) = -3*d**2 - 3*d. Let k be v(-2). Determine x(k).
4
Let s(k) = 32 - 8 + 3*k - 11 - 10. Let i(f) = -f**2 + 8*f - 2. Let t be i(6). Suppose -4*y - 13 = -5*w, 0 = 5*y - t*y - 4*w - 6. What is s(y)?
-3
Let a(d) be the second derivative of -d**4/12 - d**3/6 + 2*d**2 - d. Let l be a(0). Let k(y) = 1 - 2*y**3 - 5*y**2 - 4*y + 5*y**3 - l*y**3. What is k(-3)?
-5
Let v(z) = -2*z + 4. Suppose 0*f = -3*f + 15. Give v(f).
-6
Let w(h) be the third derivative of -h**4/24 + 2*h**3/3 - 11*h**2. What is w(3)?
1
Let m be 2 + -2*(-1)/2. Let o(c) be the first derivative of c**4/4 - 4*c**3/3 + c**2/2 + 4*c - 7. What is o(m)?
-2
Suppose z - 4 = -2. Let r(l) be the first derivative of -z - 3/2*l**2 + 5*l. Give r(5).
-10
Suppose 2*x + 12 = -2*x, 3*x = -2*c - 5. Let o(d) be the first derivative of 5*d**3 + c*d**3 - 4*d**3 - d + 2. Give o(-1).
8
Let f(b) be the second derivative of b**5/20 - b**4/4 + b**3/3 - 2*b. Let r be f(3). Let q(a) = -a**2 + 6*a + 3. Calculate q(r).
3
Let k(i) = -i + 2. Let n = -15 - -4. Let b(f) = 5*f - 10. Let r(q) = n*k(q) - 2*b(q). What is r(6)?
4
Let x(k) = -k**2 - 4*k + 3. Suppose 0 = -4*y + 2*u - 46, 2*u - 5*u + 51 = -4*y. Let v = -14 - y. What is x(v)?
-2
Let n(x) be the second derivative of -1/6*x**3 + 5/12*x**4 + 0*x**2 + 4*x + 0. Calculate n(-1).
6
Let s(z) = 6*z**2 - z**2 + 4*z + z**2 + z**3 - 7. Let c(p) = p**2 - 9*p + 5. Let t be c(6). Let i = t + 8. Calculate s(i).
-2
Let s(v) = -v**2 + 6*v + 1. Suppose 7*d = 6*d + 6. Calculate s(d).
1
Let n(o) = 3*o**2 - 4*o + 2. Suppose -5*r + 84 = -2*r. Suppose -2*w - 4*j = -3*j - 8, -4*w = 5*j - r. Calculate n(w).
6
Let r(o) = o**2 - o. Let n(j) = -7*j**2 + j + 4. Let g(c) = -n(c) - 6*r(c). Give g(-6).
2
Let s(h) = -9*h**2 - h + 1. Suppose 3*w - w = 3*n + 4, 3*n + 4*w - 26 = 0. Let m be n/(-12) - 84/(-72). Calculate s(m).
-9
Let k be (-4)/6 + (-5)/(-3). Let i(x) = 0*x**2 + 3*x**2 + x + 0*x**2 - k. Suppose 0 = -4*v + 5 - 1. Determine i(v).
3
Let x(m) = m**3 - m**2 + m - 6. Suppose 3*t = -3*y + 9, 2*t = -4*y - 3*t + 15. What is x(y)?
-6
Let s(l) = -7*l**3 - l**2 + 6*l - 13. Let a(m) = -6*m**3 + 6*m - 12. Let j(f) = 6*a(f) - 5*s(f). Determine j(6).
-7
Let w(d) = -9*d + 5*d + 3*d. Give w(-10).
10
Let s(m) = m + 6. Let x be (3 - 4) + (-2)/1. Let q be -1 - (-1 + x) - 7. Calculate s(q).
2
Let t = 4 - 10. Let c(v) be the first derivative of -3*v**2/2 - 9*v - 9. Give c(t).
9
Let a(c) = c**3 - 4*c**2 - 3*c - 4. Suppose 9*o - 43 - 2 = 0. Calculate a(o).
6
Suppose -5 - 21 = -2*l. Let g(y) = -l*y + 25*y - 17*y. What is g(-2)?
10
Let y = 5 - 2. Let x be y/(2 - 10/8). Let n(k) = 2*k**2 - 5*k - 1. What is n(x)?
11
Let s(o) = o**2 - o + 1. Let x = 15 + -11. Suppose -1 = 4*g + g - 2*j, -x = -g - j. Calculate s(g).
1
Let u(x) = x - 4 - x + 0*x + x. Calculate u(5).
1
Let y(h) = 2*h**2 + 7 - 7 + 262*h - 2*h**3 - 260*h. Suppose -4*k + 6 = -2. Calculate y(k).
-4
Let v(l) = -4*l + 7. Let k(c) = 2. Let y(s) = -2*k(s) + v(s). Let a = -2 - -5. Let z(t) = t - 1. Let p be z(a). Calculate y(p).
-5
Let y(k) = -k + 6. Let p be (-13)/(-65) - 54/(-5). Let o = p + -5. Calculate y(o).
0
Let u be -2*(-3)/6 + 2. Let i(w) = 4 + 5*w**u - 4*w**2 - 5*w**3 - w**3. Give i(-3).
-5
Let i be 12/18 + (-25)/15. Let v(x) = 7*x**3 - 2*x**2 + 1. Calculate v(i).
-8
Let k(y) = y**2 + 5*y - 4. Let w(c) = c**2 + c - 3. Let t be w(-3). Suppose -5*r - 35 = 5*g, -4*g - t = 3*r + 21. Calculate k(r).
-8
Suppose -4*j + 26 = -5*b, -2*j + b + 3*b + 16 = 0. Let h(p) = -j*p - 3*p + 2*p - 3 + 6*p. What is h(-4)?
-7
Let m(a) = -a**2 - 4*a + 2. Suppose -7 = 2*o + 7. Determine m(o).
-19
Suppose a - 2 = -4. Let x(l) = -l**3 + l + 1. What is x(a)?
7
Let d(b) = -5*b**2 - 12*b - 7. Let l(n) = n**2 + n + 1. Let z be (-3)/2 + 10/4. Let t(m) = z*d(m) + 6*l(m). Calculate t(7).
6
Suppose 5*h - 30 = -k, -6*k + k + 40 = 3*h. Let p(n) = n**2 - 5*n + 7. Give p(k).
7
Let m(u) be the third derivative of -u**7/2520 - u**6/360 - u**5/30 + u**4/8 - u**2. Let x(j) be the second derivative of m(j). Give x(-3).
-7
Let t(m) be the first derivative of 2*m**3/3 - 7. Determine t(-3).
18
Suppose 0*k + 4*o = 4*k - 20, -5*o + 20 = 4*k. Suppose 36 = -v + k*v. Let q(p) = v*p**2 + 1 + 1 - 7*p**2 + 1 + 4*p. Give q(-2).
3
Let h(v) = 12*v**3 - 15*v**3 + 2*v**3 + 2*v**3 + 8. Let x be 0/(1/(-2)*-2). Calculate h(x).
8
Let r(q) = -q**3 - 8*q**2 + q + 5. Let t be r(-8). Let b(u) = u**3 + u**2 - 4*u - 4. Determine b(t).
-10
Let z(i) = -i**3 + 6*i**2 - 3*i - 3. Let r = 57 - 52. Give z(r).
7
Let u(d) = d**3 - 5*d**2 + d. Let h(q) = -13*q**2 + 16*q + 13. Let i(x) = 3*x**2 - 4*x - 3. Let n(c) = -2*h(c) - 9*i(c). Let s be n(2). Give u(s).
5
Let i be 1 - (-11 - -1 - -3). Let u(p) = -p - 3 - 8 + 1 + i. Give u(4).
-6
Let g(n) = -n**3 + 2*n**2 - 4*n + 2. Let r be g(2). Let m(v) = -v - 5. What is m(r)?
1
Let z(w) = -w**3 + w**2 + 2*w - 1. Let t be -14 + ((-18)/3)/2. Let q = t - -10. Let b = q + 9. What is z(b)?
-1
Let n(j) be the second derivative of -j**4/12 + j**3/6 + 2*j**2 - 8*j. Let o(h) = -3*h**2 - 3*h - 1. Let t be o(-2). Let y = 4 + t. Calculate n(y).
-8
Let x(u) be the second derivative of 2*u**3/3 + u**2 + 15*u. What is x(-2)?
-6
Let q be (-6)/9 + (-366)/18. Let f be 111/q + (-10)/(-35). Let d(h) = h**2 + 4*h - 2. Give d(f).
3
Let o(u) = u**2 - u + 1. Let i(h) = -7*h**2 + 8*h - 4. Let a(p) = -i(p) - 6*o(p). Let l be a(4). Let q(f) = l + 4 + f - 3. Determine q(-5).
2
Let o(h) = -2*h - 3. Let c = -23 + 19. Calculate o(c).
5
Let b(g) = g**2 - 5*g**2 - g + 2 + 3*g. Let i(o) = -5*o**2 + o + 1. Let w = -3 - 1. Let t(u) = w*b(u) + 3*i(u). Determine t(5).
-5
Let m(p) = -14*p + 6*p + 5 - 2*p + 3*p + p**2. Calculate m(6).
-1
Let j(s) be the third derivative of s**6/120 - s**4/24 - 11*s**3/6 - 2*s**2. Suppose 0*y + 10 = 2*y. Suppose 0 = -m - y*a - 10, 2*a + 2 = a. What is j(m)?
-11
Let h(a) = -1 - 2*a + 3*a**3 + 3*a**3 + 0*a**2 - a**3 - a**2. What is h(-1)?
-5
Let b(j) = j**2 - 4*j + 4. Let g be b(4). Let f(n) = -2*n + 5 + 4*n - 9. Give f(g).
4
Let z be -1*(-2)/(-4)*0. 